hat is the remainder when 2788 is divided by 9?
7
What is the remainder when 49 is divided by 13?
10
What is the remainder when 128 is divided by 102?
26
What is the remainder when 592 is divided by 110?
42
What is the remainder when 263 is divided by 22?
21
What is the remainder when 558 is divided by 139?
2
What is the remainder when 18366 is divided by 110?
106
What is the remainder when 735 is divided by 8?
7
What is the remainder when 3159 is divided by 17?
14
What is the remainder when 1789 is divided by 227?
200
Calculate the remainder when 286 is divided by 93.
7
What is the remainder when 2703 is divided by 179?
18
Calculate the remainder when 90 is divided by 7.
6
Calculate the remainder when 274 is divided by 10.
4
What is the remainder when 467 is divided by 5?
2
What is the remainder when 138 is divided by 48?
42
What is the remainder when 444 is divided by 345?
99
What is the remainder when 848 is divided by 64?
16
What is the remainder when 1782 is divided by 46?
34
What is the remainder when 216 is divided by 109?
107
Calculate the remainder when 11753 is divided by 18.
17
What is the remainder when 23 is divided by 8?
7
Calculate the remainder when 60 is divided by 13.
8
Calculate the remainder when 148 is divided by 64.
20
What is the remainder when 148 is divided by 7?
1
What is the remainder when 65 is divided by 20?
5
Calculate the remainder when 1393 is divided by 15.
13
Calculate the remainder when 183 is divided by 46.
45
Calculate the remainder when 142 is divided by 8.
6
What is the remainder when 279 is divided by 13?
6
What is the remainder when 5045 is divided by 8?
5
What is the remainder when 67 is divided by 24?
19
Calculate the remainder when 1062 is divided by 15.
12
What is the remainder when 3692 is divided by 26?
0
Calculate the remainder when 638 is divided by 165.
143
Calculate the remainder when 4201 is divided by 128.
105
Calculate the remainder when 1005 is divided by 72.
69
What is the remainder when 163 is divided by 22?
9
What is the remainder when 134 is divided by 9?
8
Calculate the remainder when 973 is divided by 18.
1
What is the remainder when 52 is divided by 45?
7
Calculate the remainder when 858 is divided by 123.
120
What is the remainder when 1227 is divided by 41?
38
What is the remainder when 125 is divided by 33?
26
Calculate the remainder when 130 is divided by 22.
20
What is the remainder when 1184 is divided by 132?
128
Calculate the remainder when 82 is divided by 17.
14
Calculate the remainder when 1296 is divided by 319.
20
Calculate the remainder when 3538 is divided by 24.
10
What is the remainder when 998 is divided by 13?
10
What is the remainder when 6596 is divided by 18?
8
Calculate the remainder when 1319 is divided by 63.
59
What is the remainder when 54 is divided by 18?
0
Calculate the remainder when 214 is divided by 179.
35
What is the remainder when 2182 is divided by 2178?
4
Calculate the remainder when 357 is divided by 96.
69
Calculate the remainder when 151 is divided by 31.
27
Calculate the remainder when 51 is divided by 43.
8
Calculate the remainder when 16 is divided by 5.
1
Calculate the remainder when 134 is divided by 3.
2
Calculate the remainder when 89 is divided by 25.
14
Calculate the remainder when 880 is divided by 18.
16
Calculate the remainder when 1633 is divided by 207.
184
Calculate the remainder when 72 is divided by 40.
32
What is the remainder when 154 is divided by 38?
2
What is the remainder when 37 is divided by 11?
4
What is the remainder when 53 is divided by 9?
8
What is the remainder when 1095 is divided by 122?
119
Calculate the remainder when 940 is divided by 313.
1
Calculate the remainder when 626 is divided by 17.
14
What is the remainder when 756 is divided by 95?
91
Calculate the remainder when 1126 is divided by 24.
22
What is the remainder when 913 is divided by 52?
29
Calculate the remainder when 926 is divided by 27.
8
What is the remainder when 1758 is divided by 6?
0
What is the remainder when 693 is divided by 236?
221
Calculate the remainder when 179 is divided by 13.
10
What is the remainder when 3482 is divided by 67?
65
Calculate the remainder when 1914 is divided by 620.
54
Calculate the remainder when 399 is divided by 67.
64
Calculate the remainder when 482 is divided by 44.
42
What is the remainder when 119 is divided by 21?
14
Calculate the remainder when 1481 is divided by 99.
95
What is the remainder when 667 is divided by 29?
0
What is the remainder when 3058 is divided by 204?
202
What is the remainder when 61 is divided by 34?
27
What is the remainder when 257 is divided by 35?
12
What is the remainder when 21014 is divided by 37?
35
What is the remainder when 125 is divided by 107?
18
What is the remainder when 156 is divided by 23?
18
What is the remainder when 658 is divided by 206?
40
What is the remainder when 972 is divided by 31?
11
What is the remainder when 75 is divided by 28?
19
Calculate the remainder when 5141 is divided by 8.
5
What is the remainder when 605 is divided by 197?
14
What is the remainder when 1693 is divided by 27?
19
What is the remainder when 333 is divided by 56?
53
Calculate the remainder when 4033 is divided by 112.
1
What is the remainder when 69 is divided by 18?
15
What is the remainder when 326 is divided by 164?
162
What is the remainder when 317 is divided by 18?
11
Calculate the remainder when 295 is divided by 58.
5
What is the remainder when 719 is divided by 77?
26
Calculate the remainder when 114 is divided by 29.
27
What is the remainder when 323 is divided by 5?
3
Calculate the remainder when 4064 is divided by 92.
16
Calculate the remainder when 1699 is divided by 17.
16
What is the remainder when 5245 is divided by 45?
25
What is the remainder when 1294 is divided by 20?
14
What is the remainder when 146 is divided by 21?
20
What is the remainder when 955 is divided by 29?
27
Calculate the remainder when 2440 is divided by 35.
25
Calculate the remainder when 393 is divided by 99.
96
What is the remainder when 452 is divided by 113?
0
What is the remainder when 686 is divided by 16?
14
What is the remainder when 1056 is divided by 97?
86
What is the remainder when 86 is divided by 44?
42
What is the remainder when 116 is divided by 24?
20
What is the remainder when 89 is divided by 27?
8
What is the remainder when 140 is divided by 20?
0
Calculate the remainder when 27878 is divided by 20.
18
Calculate the remainder when 17 is divided by 4.
1
Calculate the remainder when 1580 is divided by 313.
15
What is the remainder when 51 is divided by 10?
1
Calculate the remainder when 737 is divided by 106.
101
What is the remainder when 805 is divided by 30?
25
What is the remainder when 675 is divided by 137?
127
Calculate the remainder when 171 is divided by 9.
0
What is the remainder when 8660 is divided by 38?
34
What is the remainder when 553 is divided by 37?
35
Calculate the remainder when 2455 is divided by 63.
61
What is the remainder when 922 is divided by 42?
40
What is the remainder when 425 is divided by 168?
89
Calculate the remainder when 150 is divided by 38.
36
What is the remainder when 220 is divided by 3?
1
Calculate the remainder when 1053 is divided by 56.
45
What is the remainder when 1015 is divided by 54?
43
Calculate the remainder when 342 is divided by 158.
26
What is the remainder when 156 is divided by 125?
31
What is the remainder when 154 is divided by 140?
14
What is the remainder when 668 is divided by 11?
8
Calculate the remainder when 2091 is divided by 417.
6
What is the remainder when 309 is divided by 4?
1
What is the remainder when 413 is divided by 51?
5
Calculate the remainder when 125 is divided by 39.
8
What is the remainder when 4328 is divided by 61?
58
What is the remainder when 63 is divided by 63?
0
Calculate the remainder when 1117 is divided by 40.
37
Calculate the remainder when 190 is divided by 172.
18
What is the remainder when 65 is divided by 42?
23
What is the remainder when 1090 is divided by 538?
14
What is the remainder when 289 is divided by 91?
16
Calculate the remainder when 15924 is divided by 5304.
12
What is the remainder when 71 is divided by 68?
3
Calculate the remainder when 3060 is divided by 996